 45. What are the prime factors of j?
2, 41
Suppose -4*a - a = 3*l - 1108, 3*a - 2*l = 680. Suppose j = a + 220. Suppose 6*k - 36 = j. What are the prime factors of k?
2, 5
Let b = -4439 - -7422. List the prime factors of b.
19, 157
Let u(w) = 4*w**3 - 4*w**2 - 16*w + 10. Let j be u(6). Suppose -5*y + 396 + j = 0. What are the prime factors of y?
2, 103
Let t(q) = -q**3 - 8*q**2 - 2*q - 16. Let n be t(-8). Suppose n = 5*j - 40 - 5. List the prime factors of j.
3
Let h = 189 - -2312. List the prime factors of h.
41, 61
Let s = -1717 + 2919. What are the prime factors of s?
2, 601
Suppose -293*f + 280*f = -15041. List the prime factors of f.
13, 89
Let z(f) = 4*f**2 - 26*f + 216. List the prime factors of z(12).
2, 3, 5
Suppose 2*j = 4*j - 4. Let f(a) = 3*a**j - 5 + 0*a**2 + 4*a - 10*a. List the prime factors of f(-3).
2, 5
Let o = -154 + 229. Suppose -4*t + o = -t. What are the prime factors of (1 - t)/(9/(-6))?
2
Suppose 523 - 1801 = -3*k + 3*i, -5*i = -3*k + 1276. What are the prime factors of k?
7, 61
Let g(j) = 2*j**2 - 9*j + 9. Let o be g(8). Suppose -c + h = -o, -h + 0 + 3 = 0. What are the prime factors of c?
2, 17
Let n be (1/(-4))/((-2)/32). Suppose -4*k + 53 = -2*k + o, -n*o = 2*k - 44. What are the prime factors of k?
2, 7
Let r(t) = t**3 - 4*t**2 - 5*t - 6. Let n be r(5). Let w = 11 + n. Suppose x = w + 15. What are the prime factors of x?
2, 5
Let b(l) = 2*l**3 + 37*l**2 - 27*l - 45. List the prime factors of b(-19).
107
Suppose i = 6*i - 135. List the prime factors of i + -1 + (-28)/(-7).
2, 3, 5
Let y be 34*17/10 - 1/(-5). Let b = 72 + y. List the prime factors of b.
2, 5, 13
Suppose 138 + 57 = -5*n. Let m = n + 80. What are the prime factors of m?
41
Let a = -33 + 53. Suppose 22 = 3*f - k, -f + 5*f + k = a. What are the prime factors of f?
2, 3
Suppose -166*i = -159*i - 6930. List the prime factors of i.
2, 3, 5, 11
Suppose 7*u = 5*u. Suppose u = -16*t + 11*t. Suppose t = 3*c + 6*z - 2*z - 14, 0 = -c + 2*z + 8. What are the prime factors of c?
2, 3
Let n(c) = 39*c - 9. Let t = 4 - 1. What are the prime factors of n(t)?
2, 3
Let r = -2397 + 5209. List the prime factors of r.
2, 19, 37
Let j = 649 - 176. What are the prime factors of j?
11, 43
Let p be 2/5 - 112/(-20). Let b be (-6)/(-4)*8/p. Suppose -3*i + 4*l + 27 = 10, -i - b*l = 1. List the prime factors of i.
3
Let j(q) = 6*q**2 - 2*q. Let z(l) = 3 - l - 2 - 3*l + 6*l**2 + l. Let u(t) = 3*j(t) - 2*z(t). List the prime factors of u(2).
2, 11
Let l(a) = -34 - a**2 + 17 - 18 + 20*a. List the prime factors of l(11).
2
Let q = 78 + -25. Suppose 3*c + r = 10, -3*c + q = -4*r + 18. Let v(o) = 3*o - 5. List the prime factors of v(c).
2, 5
Let f(a) = 475*a**2 - 30*a + 94. List the prime factors of f(3).
11, 389
Let c = 1800 + -798. What are the prime factors of c?
2, 3, 167
Let j be 88 - (2 + 3 + -3). Suppose -2*k - j = 2*o - 6*o, 0 = 2*o + k - 33. What are the prime factors of o?
19
Suppose -18 = 2*c + 4*o, -24 = 3*c + 6*o - 3*o. List the prime factors of 20/(c/((-7)/2)).
2, 5
Let n = -69 + 68. Let a(r) = 64*r**2 - r - 1. List the prime factors of a(n).
2
Let f be 8 + 0 - (-4 + 1). Suppose 5*c - 31 = -f. Suppose 0 = i, 3*v - c*i + 9*i = 24. What are the prime factors of v?
2
Let b(x) = x**2 + 9*x - 14. Let j be b(-10). List the prime factors of 9/(4/(-16)*j).
3
Let v = 48 + 6. Suppose d - v = 2*x, -2*x + x - 108 = -2*d. Let s = d - -5. List the prime factors of s.
59
Let t be 0/((1*-9)/(-3)). Let p = 3 + 3. Suppose t = 8*x - p*x - 84. What are the prime factors of x?
2, 3, 7
Suppose 0 = -2*r + 46*u - 42*u + 1826, u + 911 = r. What are the prime factors of r?
3, 101
Let c(p) = -5 - 4*p**2 + 3*p**2 - 14. Let f be c(0). Let w = -3 - f. List the prime factors of w.
2
Suppose -1365*t - 3275 = -1370*t. What are the prime factors of t?
5, 131
Suppose 65*a = 68*a - r - 1667, 2*r = -4*a + 2236. List the prime factors of a.
557
Let w(n) = -2 - 12 + 2*n - 8*n - 3. Let j be w(-13). Let q = j - 42. List the prime factors of q.
19
Let v = 175 - 71. Suppose 99*a - v*a = -195. What are the prime factors of a?
3, 13
Let q(r) = -r + 7. Let b be q(5). Suppose 0*g = -b*g + 4*j - 6, -36 = -4*g - 4*j. Suppose g*z + 2*f = 24 + 61, 5*z - 2*f - 65 = 0. List the prime factors of z.
3, 5
Suppose 13*c = 9*c. Suppose 2*l - 27 = -3*i + 9, -i - l + 13 = c. What are the prime factors of (405/(-75))/((-3)/i)?
2, 3
Let v(d) = 11*d - 3. Let g be v(-6). Let x = -55 - g. What are the prime factors of x?
2, 7
Suppose -107 + 17 = -5*n. Suppose 2*p = -p + 15. Suppose -6 = -c + 2*d, n = 2*c + c + p*d. List the prime factors of c.
2, 3
Suppose -42 = 5*t - 32. What are the prime factors of 5 + t - 485/(-7 - -2)?
2, 5
Suppose -2*g + 90 - 440 = 0. Let b = -74 - g. What are the prime factors of b?
101
Let t = -190 - -130. Let b = -7 - t. What are the prime factors of b?
53
What are the prime factors of (16/(-32))/(1/2) + 620?
619
Suppose 3*g = -g. Suppose -4*k + g*k = -496. List the prime factors of k.
2, 31
Suppose -2*g - 4*u + 16 = 0, -u + 2*u = 0. Suppose -10 = 3*a - g*a, n = 5*a + 62. List the prime factors of n.
2, 3
Let r(s) be the second derivative of s**4/12 + 13*s**2 + 11*s. What are the prime factors of r(0)?
2, 13
Suppose -2 - 7 = -3*y. Let w = y - -6. List the prime factors of w.
3
What are the prime factors of -6 + (-38)/(-6) + (-3678)/(-9)?
409
Let r = -845 + 1982. List the prime factors of r.
3, 379
Let d(y) = 38 - 31 + 2*y**3 - 5*y - 3*y**3 + 9*y**2. Suppose 4*k = k + 24. List the prime factors of d(k).
31
Let h(c) = -24*c + 8*c - 15 + 6*c + 6*c. What are the prime factors of h(-19)?
61
Let g(c) = c + 129. Suppose 0*m + 14*m = -5*m. What are the prime factors of g(m)?
3, 43
Let x = 1920 - 1023. What are the prime factors of x?
3, 13, 23
Let r be (-1)/(1 + -2)*4. Suppose -r*t + 12 - 36 = 0. List the prime factors of ((-10)/8)/(t/24).
5
Let k = -126 + 385. List the prime factors of k.
7, 37
Suppose -139*x + 149*x = 5760. List the prime factors of x.
2, 3
Let n(c) = c**2 - 5 + 4*c**2 - 8*c + 0*c. Let j be n(-5). Suppose j = 5*x - 2*r, 0*r = -2*x - 3*r + 45. What are the prime factors of x?
2, 3, 5
Let r = 118 - 29. Suppose 2*c - r = -1. List the prime factors of c.
2, 11
Let m = 4788 + -1022. List the prime factors of m.
2, 7, 269
Let d = 12 - 29. Let t = 24 + d. What are the prime factors of t?
7
Suppose 2*y = 3*g - 98 + 16, -4*y - 156 = -2*g. Let t be 14/(-49) - y/(-14). Let i = 13 - t. What are the prime factors of i?
2
Suppose 0 = 4*k - 3*k - 3. Let o(x) = x**2 + 4 - 10*x - 4*x**k + 2*x**3 + 3*x**3 - 6*x**2. What are the prime factors of o(7)?
2
Let f be (-2)/(-9) + (-22)/18. Let d(b) = 7*b - 5. Let w(q) = -q - 4. Let a(h) = -d(h) + w(h). What are the prime factors of a(f)?
3
Let l(j) = 29*j - 13. Let t be l(-7). Let y = t + 363. What are the prime factors of y?
3, 7
Let t = 197 + 16. What are the prime factors of t?
3, 71
Let w(g) = g**3 + 8*g**2 + 5*g. Let q(d) = -d. Let n(y) = -2*y - 2. Let a(s) = n(s) - q(s). Let u be a(5). List the prime factors of w(u).
2, 7
What are the prime factors of ((-26336)/(-112))/(36/28 + -1)?
823
Let t(z) = -4*z**3 + 8*z**2 + 3*z. Let d(h) = -4*h**3 + 9*h**2 + 4*h. Let f(k) = 5*d(k) - 6*t(k). What are the prime factors of f(3)?
3, 29
Suppose -3*p = -2*x - 45, -4*p + 55 = 4*x + 15. Let y = -71 + 90. Let r = y - p. List the prime factors of r.
2, 3
Let i(q) = -q**2 + 12*q. Suppose 0 = -y - 43 + 183. Let x be (4/7)/(8/y). What are the prime factors of i(x)?
2, 5
Let h(u) = 9*u**2 + 2 - u**3 + 0*u**2 - 2*u**2 - 3*u. List the prime factors of h(6).
2, 5
Let r(a) = -3*a + 4. Let t be r(3). Let i(q) = -5*q**2 - 916 + q**2 + 916 + 2*q - q**3. What are the prime factors of i(t)?
3, 5
Suppose -10*n + 4425 = -15575. What are the prime factors of n?
2, 5
Suppose -2 = 5*g - 42. Suppose 3*s - 18 = 3*l, 0 = 2*s + 3*l - l - g. Suppose 0*p + s*p = 240. List the prime factors of p.
2, 3
Let q(z) = z**3 - z**2 - z + 2. Let t = -15 + 17. Let w be q(t). Suppose 0*v + 4*f - 144 = -w*v, -5*v + 156 = -3*f. List the prime factors of v.
3, 11
Let s(y) = -y + 15. Let z be s(10). Suppose -z*q + 97 = d - 1023, q + 3*d - 210 = 0. Suppose 0 = 4*k + k - q. What are the prime factors of k?
3, 5
Let m(i) = i**3 - 9*i**2 - 15*i - 12. Suppose -d = 4*y - 45, -4*y = -3*d - d - 40. List the prime factors of m(y).